{"id":24,"date":"2015-04-23T14:03:00","date_gmt":"2015-04-23T14:03:00","guid":{"rendered":"https:\/\/biblioteca.fsp.usp.br\/index.php\/guia-de-apresentacao-de-teses-da\/"},"modified":"2025-06-26T15:08:48","modified_gmt":"2025-06-26T18:08:48","slug":"guia-de-apresentacao-de-teses-da","status":"publish","type":"page","link":"https:\/\/biblioteca.fsp.usp.br\/index.php\/guia-de-apresentacao-de-teses-da\/","title":{"rendered":"Manuais, guias e tutoriais"},"content":{"rendered":"\n<p>&nbsp;<\/p>\n\n\n\n<p>&nbsp;<\/p>\n\n\n\n<p>&nbsp;<\/p>\n\n\n\n<p><\/p>\n\n\n\n<figure class=\"wp-block-table\"><table class=\"has-fixed-layout\"><tbody><tr><td><\/td><td><\/td><\/tr><tr><td><figure><img loading=\"lazy\" decoding=\"async\" src=\"https:\/\/lh4.googleusercontent.com\/-MBM6KTIfdxk\/UUm3I7RfQeI\/AAAAAAAABpA\/-w1PzdmY3U0\/s144\/guia.gif\" alt=\"guia\" width=\"100\" height=\"100\"><\/figure><\/td><td><a style=\"color: #006666; line-height: 13pt;\" href=\"https:\/\/biblioteca.fsp.usp.br\/guia\/\" target=\"_blank\" rel=\"noopener noreferrer\">Guia de Apresenta\u00e7\u00e3o de Teses da Faculdade de Sa\u00fade P\u00fablica\/USP<br><br><\/a><a href=\"https:\/\/biblioteca.fsp.usp.br\/guia\/img\/guia_teses.pdf\" target=\"_blank\" rel=\"noreferrer noopener\">PDF<\/a> | <a href=\"https:\/\/biblioteca.fsp.usp.br\/guia\/img\/Guia_de_Apresentacao_de_Teses.epub\" target=\"_blank\" rel=\"noreferrer noopener\">EPUB<\/a><\/td><\/tr><tr><td><\/td><td><\/td><\/tr><tr><td><figure><img loading=\"lazy\" decoding=\"async\" src=\"https:\/\/biblioteca.fsp.usp.br\/wp-content\/uploads\/2020\/06\/diretrizes_dissertacoes_aguia_abnt1.png\" alt=\"diretrizes aguia\" width=\"100\" height=\"100\"><\/figure><\/td><td><a href=\"https:\/\/doi.org\/10.11606\/9786598386221\">Diretrizes para apresenta\u00e7\u00e3o de disserta\u00e7\u00f5es e teses da USP: parte I (ABNT)&nbsp;5. ed<\/a><br>\n<a href=\"http:\/\/www.livrosabertos.sibi.usp.br\/portaldelivrosUSP\/catalog\/book\/115\" target=\"_blank\" rel=\"noopener\">Diretrizes para apresenta\u00e7\u00e3o de disserta\u00e7\u00f5es e teses da USP: parte IV (Vancouver) 3. ed<\/a><\/td><\/tr><tr><td><\/td><td><\/td><\/tr><tr><td><figure><img loading=\"lazy\" decoding=\"async\" class=\"alignnone\" src=\"https:\/\/biblioteca.fsp.usp.br\/wp-content\/uploads\/2019\/11\/tcc2.jpg\" alt=\"guia\" width=\"100\" height=\"100\"><\/figure><\/td><td><a href=\"https:\/\/biblioteca.fsp.usp.br\/wp-content\/uploads\/2024\/04\/TCC1_formatado_2024_2-1.pdf\" target=\"_blank\" rel=\"noopener noreferrer\">Diretrizes para os Projetos de Trabalhos de Conclus\u00e3o de Curso &#8211; TCC1<\/a><br>\n<a href=\"https:\/\/biblioteca.fsp.usp.br\/wp-content\/uploads\/2024\/08\/20240813_Diretrizes_tcc_2_ver2024-1.pdf\" target=\"_blank\" rel=\"noopener noreferrer\">Diretrizes para elabora\u00e7\u00e3o de Trabalhos de Conclus\u00e3o de Curso &#8211; TCC2<\/a><\/td><\/tr><tr><td><\/td><td><\/td><\/tr><tr><td><figure><img loading=\"lazy\" decoding=\"async\" class=\"alignnone size-full wp-image-2169\" src=\"https:\/\/biblioteca.fsp.usp.br\/wp-content\/uploads\/2020\/03\/sibi_m-1.jpg\" alt=\"\" width=\"100\" height=\"100\"><\/figure><\/td><td><a style=\"color: #006666;\" href=\"https:\/\/www.buscaintegrada.usp.br\/primo_library\/libweb\/action\/search.do?vid=USP&amp;pagina=ajuda\" target=\"_blank\" rel=\"noopener noreferrer\">Portal de Busca Integrada &#8211; Ajuda<\/a><\/td><\/tr><tr><td><\/td><td><\/td><\/tr><tr><td><figure><img decoding=\"async\" src=\"https:\/\/biblioteca.fsp.usp.br\/wp-content\/uploads\/2015\/04\/dedalus.jpg\" alt=\"DEDALUS\" style=\"\"><\/figure><\/td><td><a href=\"https:\/\/biblioteca.fsp.usp.br\/wp-content\/uploads\/2016\/11\/dedalus.pdf\" target=\"_blank\" rel=\"noopener noreferrer\">Dedalus &#8211; Banco de Dados Bibliogr\u00e1ficos da USP<\/a><br>\n<a href=\"https:\/\/biblioteca.fsp.usp.br\/wp-content\/uploads\/2015\/07\/renovacao.pdf\" target=\"_blank\" rel=\"noopener noreferrer\">Tutorial de renova\u00e7\u00e3o de empr\u00e9stimos no Dedalus<br>\n<\/a><a href=\"https:\/\/biblioteca.fsp.usp.br\/wp-content\/uploads\/2016\/11\/reserva_dedalus_fsp.pdf\" target=\"_blank\" rel=\"noopener noreferrer\">Tutorial de reserva de livros no Dedalus<\/a><\/td><\/tr><tr><td><\/td><td><\/td><\/tr><tr><td><figure><a href=\"http:\/\/wiki.bireme.org\/pt\/index.php\/Tutorial_de_pesquisa\" target=\"_blank\" rel=\"noopener noreferrer\"><img loading=\"lazy\" decoding=\"async\" src=\"https:\/\/lh3.googleusercontent.com\/-YCWCkYd023Y\/UUm3JO6VrlI\/AAAAAAAABpE\/p0J0F_KJNBY\/s800\/logobvs.gif\" alt=\"bvs\" width=\"100\" height=\"100\"><\/a><\/figure><\/td><td>\n<a style=\"color: #006666; line-height: 13pt;\" href=\"https:\/\/bvsalud.org\/como-pesquisar\/#menu-tutoriais\n\" target=\"_blank\" rel=\"noopener noreferrer\">BVS &#8211; Tutorial de Pesquisa na Biblioteca Virtual em Sa\u00fade<\/a><\/td><\/tr><tr><td><\/td><td><\/td><\/tr><tr><td><figure><a href=\"http:\/\/www.usp.br\/orcid\/\"><img loading=\"lazy\" decoding=\"async\" class=\"alignnone size-full wp-image-1341\" src=\"https:\/\/biblioteca.fsp.usp.br\/wp-content\/uploads\/2018\/02\/orcid.jpg\" alt=\"more\" width=\"100\" height=\"100\"><\/a><\/figure><\/td><td>\n<a style=\"color: #006666; line-height: 13pt;\" href=\"http:\/\/www.usp.br\/orcid\/\" target=\"_blank\" rel=\"noopener noreferrer\">ORCID &#8211; Open Researcher and Contributor ID<\/a><\/td><\/tr><tr><td><\/td><td><\/td><\/tr><tr><td><figure><img decoding=\"async\" src=\"https:\/\/biblioteca.fsp.usp.br\/wp-content\/uploads\/2015\/04\/pubmed.jpg\" alt=\"PubMed\" style=\"\"><\/figure><\/td><td>\n<a style=\"color: #006666; line-height: 13pt;\" href=\"http:\/\/www.nlm.nih.gov\/bsd\/disted\/pubmed.html\" target=\"_blank\" rel=\"noopener noreferrer\">Pubmed Tutorial<\/a><br>\n<a style=\"color: #006666; line-height: 13pt;\" href=\"http:\/\/www.ncbi.nlm.nih.gov\/bookshelf\/br.fcgi?book=helppubmed&amp;part=pubmedhelp#pubmedhelp.PubMed_Quick_Start\" target=\"_blank\" rel=\"noopener noreferrer\">Pubmed Quick Start<\/a><\/td><\/tr><\/tbody><\/table><\/figure>\n","protected":false},"excerpt":{"rendered":"<p>&nbsp; &nbsp; &nbsp; Guia de Apresenta\u00e7\u00e3o de Teses da Faculdade de Sa\u00fade P\u00fablica\/USP PDF | EPUB Diretrizes para apresenta\u00e7\u00e3o de disserta\u00e7\u00f5es e teses da USP: parte I (ABNT)&nbsp;5. ed Diretrizes para apresenta\u00e7\u00e3o de disserta\u00e7\u00f5es e teses da USP: parte IV <a href=\"https:\/\/biblioteca.fsp.usp.br\/index.php\/guia-de-apresentacao-de-teses-da\/\" class=\"read-more\">Read More &#8230;<\/a><\/p>\n","protected":false},"author":2,"featured_media":0,"parent":0,"menu_order":0,"comment_status":"closed","ping_status":"closed","template":"","meta":{"footnotes":""},"class_list":["post-24","page","type-page","status-publish","hentry"],"_links":{"self":[{"href":"https:\/\/biblioteca.fsp.usp.br\/index.php\/wp-json\/wp\/v2\/pages\/24","targetHints":{"allow":["GET"]}}],"collection":[{"href":"https:\/\/biblioteca.fsp.usp.br\/index.php\/wp-json\/wp\/v2\/pages"}],"about":[{"href":"https:\/\/biblioteca.fsp.usp.br\/index.php\/wp-json\/wp\/v2\/types\/page"}],"author":[{"embeddable":true,"href":"https:\/\/biblioteca.fsp.usp.br\/index.php\/wp-json\/wp\/v2\/users\/2"}],"replies":[{"embeddable":true,"href":"https:\/\/biblioteca.fsp.usp.br\/index.php\/wp-json\/wp\/v2\/comments?post=24"}],"version-history":[{"count":6,"href":"https:\/\/biblioteca.fsp.usp.br\/index.php\/wp-json\/wp\/v2\/pages\/24\/revisions"}],"predecessor-version":[{"id":2907,"href":"https:\/\/biblioteca.fsp.usp.br\/index.php\/wp-json\/wp\/v2\/pages\/24\/revisions\/2907"}],"wp:attachment":[{"href":"https:\/\/biblioteca.fsp.usp.br\/index.php\/wp-json\/wp\/v2\/media?parent=24"}],"curies":[{"name":"wp","href":"https:\/\/api.w.org\/{rel}","templated":true}]}}